- m + 4*f = -5, 45 = n*m + 5*f. Suppose 28 + 17 = r. What is the highest common factor of m and r?
5
Let o be (-8)/12 - 2/(-3). Let w be o/(1 - (5 - 1)). Suppose w = n - 0 - 6. What is the highest common divisor of n and 54?
6
Let m be 9 + ((-1)/(-1) - 2). Let p = 239 - 215. What is the highest common factor of p and m?
8
Suppose -15 = -13*h + 12*h. Calculate the greatest common factor of 15 and h.
15
Let m = 234 - 164. What is the highest common factor of m and 40?
10
Suppose -z + 3*z = -3*y + 34, 51 = 5*z - y. What is the highest common divisor of z and 11?
11
Suppose 0 = -11*p + 8*p + 3. Calculate the highest common divisor of 4 and p.
1
Let w(c) = -c + 8. Suppose 24 = 4*r - 3*j - 12, -27 = -3*r + 5*j. Let i be w(r). Let h be 0 - (3 + i)*-1. Calculate the greatest common factor of 18 and h.
2
Let g(x) be the second derivative of -x**5/20 + 5*x**4/6 + 5*x**3/2 - 3*x**2 + 3*x. Let t be g(11). Calculate the highest common divisor of t and 95.
19
Let f(t) = 3*t - 12. Let n be f(12). What is the greatest common divisor of 24 and n?
24
Let b(n) = -n**3 - 8*n**2 + 5. Let l be ((-16)/(-10))/((-6)/30). Let x be b(l). What is the highest common factor of x and 1?
1
Suppose 5*c - 4*a + 1 = 0, 0 = -4*c + 2*a - 7*a + 32. Suppose 3*b - 60 = c*w, 3*b - 4*w - 35 - 22 = 0. What is the highest common divisor of 46 and b?
23
Let s = -135 + 165. Calculate the highest common factor of 270 and s.
30
Suppose -4*h = -h - 12. What is the greatest common factor of h and 20?
4
Let l = 21 - 20. Let t be 12/16 + (-2)/(-8). What is the highest common factor of t and l?
1
Let l = 1 - -2. What is the greatest common factor of 24 and l?
3
Suppose -2*r - i + 27 = 0, r - 4*i = -2*i + 26. Calculate the highest common factor of r and 40.
8
Let g = 59 + -50. Calculate the greatest common divisor of g and 72.
9
Let c(u) be the first derivative of u**4/4 + 10*u**3/3 + 4*u**2 + u - 5. Let q be c(-9). What is the greatest common factor of 40 and q?
10
Let d be (117/(-4))/9*-8. Let n(t) = 2*t**3 - 3*t**2 + 3*t + 3. Let m be n(3). Let y = m - d. What is the greatest common factor of 104 and y?
13
Let c = -6 + 9. Let s = 16 - 7. What is the greatest common factor of c and s?
3
Let s(t) = 28*t + 20. Let x be s(5). Calculate the highest common factor of x and 20.
20
Let r(n) = n**3 + 8*n**2 - 3*n - 11. Let p be r(-8). Calculate the greatest common divisor of 78 and p.
13
Let w be (32/10 + -2)*10. Let g be (6/(-9))/((-1)/3). Suppose 192 = g*o - 0*o. What is the highest common factor of o and w?
12
Let r = -11 - -20. Let c = 10 + -14. Let q = c + 10. Calculate the greatest common divisor of q and r.
3
Let n = -29 + 145. Let i be 2/10 - n/5. Let g = i - -37. What is the greatest common divisor of 21 and g?
7
Let y = -17 + 11. Let b be (y/9)/(4/(-6)). Calculate the highest common factor of 1 and b.
1
Let t(x) = 11*x**2 - x. Let o be t(-1). What is the highest common divisor of 48 and o?
12
Let i = 11 + 1. What is the greatest common factor of 6 and i?
6
Suppose 0 = 5*g + 2*y - 5 - 53, -5*y - 10 = -3*g. Suppose 7*n = 3*n + 40. What is the highest common divisor of g and n?
10
Let y = 22 - 18. Let c be ((-2)/y)/(11/(-44)). Calculate the highest common factor of c and 14.
2
Suppose -3*m = m + 12. Let u(v) = -4*v + 3. Let y be u(m). Calculate the greatest common factor of 5 and y.
5
Suppose 4*x - 10 = -2*c, 8*c - 3*c - 25 = 3*x. Suppose -r - 1 = -x. Let y be (-12)/r - -2 - 0. What is the greatest common factor of y and 42?
14
Let j = 74 - 11. Let t = 93 - j. Let u = -20 + t. Calculate the greatest common divisor of u and 5.
5
Let p = 11 + -2. Let q be 105/(-5)*(-12)/p. What is the greatest common divisor of q and 42?
14
Let j be (-3)/(-2*6/(-80)). Let t = j + 35. What is the greatest common factor of 105 and t?
15
Let s = 91 + -53. Suppose 5*y + 3*q = -s + 269, 2*q = -2*y + 94. What is the greatest common divisor of 30 and y?
15
Let g be 1/(-6) + (-427)/(-42). What is the highest common divisor of g and 30?
10
Let k = 2 - 0. Suppose -2*t - k = 0, -t - t = 5*g - 8. Calculate the greatest common divisor of g and 14.
2
Suppose -i = 7 - 15. Let r be (1 - 2)*(-39)/3. Suppose -5*k = 3 - r. Calculate the highest common factor of i and k.
2
Suppose 0 = -5*t + o + 183, 2*t + 2*o = -t + 102. Let k(j) = 13 + j - 5 + 10. Let f be k(0). Calculate the greatest common factor of f and t.
18
Let d(i) = i**3 - 2*i**2 - 2*i + 63. Let f be d(0). What is the highest common factor of 18 and f?
9
Suppose -6*l = -4*l - 12. What is the greatest common factor of l and 12?
6
Let c be (-1118)/7 + 2/(-7). Let a = 199 - -31. Let b = c + a. Calculate the greatest common divisor of b and 14.
14
Suppose 4 = b, 0 = -f - 5*b + 17 + 18. Calculate the highest common factor of f and 3.
3
Let d(i) = -2*i + 3. Let v be d(-3). What is the highest common divisor of 9 and v?
9
Let r be 6 + -1 - (-1 + 3). Suppose 0 = 3*o + 2*k - 36 - 57, -4*o = 3*k - 124. Let t = o + -7. What is the highest common factor of r and t?
3
Suppose -39 = 5*a - 189. What is the greatest common divisor of a and 75?
15
Suppose 3*k = 5*z + 27, 0*z - 4*z - 3*k = 27. Let m be -20*(1 - z/(-4)). Calculate the greatest common divisor of m and 70.
10
Let z be 5 + (-3 - (-3 - -3)). What is the highest common divisor of z and 22?
2
Let f(y) be the third derivative of -y**6/120 + 80*y**3/3 + 4*y**2. Let u be f(0). Calculate the greatest common divisor of 20 and u.
20
Let c = -42 - -105. Suppose 0 = -3*u - v + 51, u + 5*v - c = -2*u. What is the greatest common factor of 176 and u?
16
Let x = 58 - 46. What is the greatest common divisor of x and 84?
12
Let p be ((-4)/8)/(1/(-72)). What is the greatest common factor of p and 24?
12
Let f be 770/63 - (-6)/(-27). Calculate the greatest common factor of 12 and f.
12
Let z = -90 + 110. What is the highest common divisor of z and 8?
4
Suppose -2*r - 3*i = 296, 273 = -2*r + 3*i - 35. Let s be -2 - (2 - 3) - r. Calculate the highest common divisor of 60 and s.
30
Let o be (1/(-2))/(1/4). Let d = o + 14. Calculate the highest common divisor of 6 and d.
6
Let l = -8 - -13. Let s be (120/2)/((-6)/(-4)). Calculate the greatest common divisor of s and l.
5
Suppose g - 3*g = -2*b - 4, 3*g - 6 = b. Let n = 5 + b. Suppose -r + 4*t = r - 96, 3*r - 140 = n*t. Calculate the greatest common divisor of 10 and r.
10
Suppose 5*n - n = 444. Suppose 2*g = -m + 70, 229 = 4*m + 2*g - 69. Let v = n - m. What is the greatest common divisor of 5 and v?
5
Suppose -5*b = -5*v - 595, 5*b - 480 = b + 2*v. What is the greatest common divisor of b and 11?
11
Suppose 21 = 4*n - 3*n. What is the greatest common factor of 14 and n?
7
Let r(v) = -2*v - 5. Let m be r(-4). Suppose 242 = -m*i + 5*i. What is the highest common factor of i and 11?
11
Suppose -3*n - 4*b + 76 = 0, 0 = 4*n + 4*b - 7*b - 68. Let i = 25 - 17. Calculate the highest common factor of n and i.
4
Let u = 79 - 16. What is the highest common divisor of u and 7?
7
Let r be ((-30)/(-4))/((-6)/(-40)). Let p be r - -2*2/(-4). What is the highest common divisor of p and 7?
7
Let t(v) = v**3 - 11*v**2 + 9*v - 3. Let c(r) = -r**3 + 5*r**2 + r + 6. Let a be c(5). Let s be t(a). Calculate the greatest common factor of 12 and s.
12
Let r(l) = -76*l**3 + 3*l**2 + 3*l + 1. Let g be r(-1). What is the greatest common factor of 11 and g?
11
Suppose -4*l = -2*m - 44, l - 4*l + 15 = 3*m. What is the greatest common divisor of l and 1?
1
Let i(j) = j**2 + 4*j - 7. Let q be i(-6). Suppose -q*x + 2*h = -1214, -x - h + 22 = -218. What is the greatest common divisor of x and 22?
22
Let w(y) = -2*y. Let h be w(-10). Let a = -2 + h. Calculate the greatest common divisor of 198 and a.
18
Suppose 0 = 2*c - 56 + 8. What is the highest common factor of c and 16?
8
Let q(f) = -f**3 - 8*f**2 + 5*f + 50. Let t be q(-8). Calculate the greatest common factor of 5 and t.
5
Let b = 119 + 2. Let g = b - 71. Calculate the highest common factor of 20 and g.
10
Let h = 508 + -448. Let m = 24 - -4. Suppose 2*n = 4*w - m - 22, -40 = -w - 5*n. Calculate the greatest common factor of h and w.
15
Suppose 5*w = 2*w + 123. Let i = -25 + w. What is the greatest common factor of i and 4?
4
Suppose -3*v + 6 = 0, -107 = -5*t - v - 0*v. What is the highest common divisor of 42 and t?
21
Let u = 10 - 4. Let f(z) = -z**3 - z**2 - z + 4. Let q